1895 - -3542. What is the remainder when m is divided by 33?
30
Suppose -35*d = -63*d + 148 + 188. What is the remainder when (358/6)/(1/6) is divided by d?
10
Let d = -703 - -688. Calculate the remainder when 142 is divided by 24/(d/(225/(-10))).
34
Let d(u) = -u**3 - 6*u**2 + 65*u - 35. Calculate the remainder when 95 is divided by d(-12).
46
Let a(j) be the first derivative of j**4/4 + 4*j**3 - 13*j**2/2 - 12*j - 3. Let i be a(-14). Let w = i - -344. Calculate the remainder when w is divided by 31.
29
Let q(g) = -14*g**2 + 84*g - 30. Calculate the remainder when 1042/8 + 6/(-24) is divided by q(5).
10
Suppose -2*y + 5*h = -32, -4*y = h - 3*h - 32. Suppose -3*c - 3*u + 51 = -y*c, 73 = -4*c + 3*u. Let s = 31 - c. What is the remainder when s is divided by 32?
21
Let d(j) = 23*j**2 + 219*j - 35. What is the remainder when d(-18) is divided by 1729?
17
Let a be ((-10)/(-18))/((-39)/(-351)). Suppose 11*p - a*p - 1764 = 0. What is the remainder when p is divided by 30?
24
Let q(u) = u**3 - 39*u**2 + 41*u - 72. Suppose -3*g - 2*g + 3*z = -669, -4*z = -8. Calculate the remainder when g is divided by q(38).
9
Suppose 4*o + 21*o = -33*o + 16588. Let n(s) = s**3 + s**2 - s + 58. What is the remainder when o is divided by n(0)?
54
Let v(q) = -2*q - 2. Let m(c) = 45 + 5*c - 19 - 21. Let a(r) = 3*m(r) + 7*v(r). What is the remainder when 8 is divided by a(1)?
0
Let u(s) be the third derivative of -s**4/6 + s**3/3 - 137*s**2. Calculate the remainder when 389 is divided by u(-2).
9
Suppose -178*i + 92*i + 97*i = 10549. What is the remainder when i is divided by 20?
19
Let s(n) be the first derivative of n**4/4 - 37*n**3/3 + 19*n**2 - 53*n + 128. Calculate the remainder when 150 is divided by s(36).
17
Let c(a) = a - 1. Let d be c(3). Suppose -2*p = d*p - 16, i = -5*p + 4. Let k = i + 34. Calculate the remainder when k is divided by 10.
8
Suppose -4*h + 2801 + 6451 = 0. Suppose 107*x + h = 116*x. Calculate the remainder when x is divided by 29.
25
Suppose -3*s + 3*b + 2 = -4, 0 = -s - 2*b - 13. Let c(g) = 19*g**2 + g - 7. Let x be c(s). Suppose 26 - x = -3*t. What is the remainder when t is divided by 13?
6
Let i = -1631 + 2165. Calculate the remainder when i is divided by 15.
9
Let l be 2 - 1/((-87)/(-18) + -5). Calculate the remainder when 379 is divided by 87 + 10 + (6 - l).
94
Let o = 59 + 230. Calculate the remainder when o is divided by 20.
9
Suppose 10 = -5*j + 40. Let i(f) = 2*f + 35. Let n be i(-10). Let q(w) = 2*w**2 - 29*w - 12. What is the remainder when j is divided by q(n)?
0
Let j(a) = -95*a + 461. What is the remainder when j(2) is divided by ((-26)/8)/(1/(-4))?
11
Let b = -280 + 364. Let t = b - 52. What is the remainder when 121 is divided by t?
25
Let a = 4141 + -3220. What is the remainder when a is divided by 15?
6
Let m(z) = 2*z + 71. Let a = 382 - 385. What is the remainder when 138 is divided by m(a)?
8
Let d = 3731 - 3689. What is the remainder when 617 is divided by d?
29
Let y(i) = i**2 + 3*i + 1. Suppose 0 = -3*l + 3*o - 30, -3*o = 4*l - 0 + 12. Calculate the remainder when 1 + 72 - 0/(-8 + 5) is divided by y(l).
16
Let q = 1851 + -566. What is the remainder when q is divided by 23?
20
Let l = 25 - 22. Suppose 0 = l*b + 4*i - 92, b - 7*i + 8*i - 31 = 0. Calculate the remainder when b is divided by 18.
14
Let k(y) = 3*y**2 + 47*y + 79. What is the remainder when k(-21) is divided by 14?
9
Let h(w) = 6*w**2 + 259*w - 202. What is the remainder when h(-44) is divided by 9?
0
Let h be 2/(1*-10) - (-49062)/185. Suppose 261*r - h*r = -100. What is the remainder when r is divided by 3?
1
Suppose -5*w + 4*v + 11 = 0, -6*w - v + 4 = -5*w. Calculate the remainder when 2*w/(-15) + 1568/20 is divided by 23.
9
Let r(l) = 3*l + 10 - 3*l + 0*l + 4*l. Let h be r(12). Suppose -4*m - 3*p + 25 = -2*m, -2*p = -4*m + h. Calculate the remainder when 55 is divided by m.
13
Let g(s) = -s**3 + 15*s**2 - 11*s + 15. Suppose u - 52 = -38. What is the remainder when 224 is divided by g(u)?
53
Suppose -5*i = 0, -2*i = -0*p + 4*p - 12. Suppose -2*r = -d - 75 + 29, 0 = p*r + 2*d - 76. Let w = -15 + r. Calculate the remainder when 25 is divided by w.
7
Let b be 345 + (0 - 15)*5/15. Let i = b + -189. Calculate the remainder when i is divided by 51.
49
Suppose 0 = 7*j - 20*j - 13. What is the remainder when 4 is divided by (j/(-4))/((-32)/(-512))?
0
Suppose -34*u - 407 = -71*u. Calculate the remainder when 285 is divided by u.
10
Suppose -3*b + 6*b - 45 = 0. Suppose -5*t - 4*u + 0 = 6, -5*u - 18 = t. Suppose 196 = t*s + 52. What is the remainder when s is divided by b?
12
Let u = -40 - -93. Let r = 226 + -51. What is the remainder when ((-13790)/r - 2/10)*-2 is divided by u?
52
Suppose -3*m + 73 = 2*i - 33, -2*i + 134 = -4*m. Suppose 65*n = i*n + 228. Calculate the remainder when 146 is divided by n.
32
Let a be (6/(-4))/(4 + (-2865)/714). What is the remainder when 52 is divided by (a/21 - 6)*-11*9?
19
Let y(v) = -v**3 - 8*v**2 + 3*v + 4. Suppose -6*x + 27 = -9*x. What is the remainder when y(x) is divided by (-31)/(14/91 + 30/(-26))?
27
Suppose -186 = -29*h + 2*a, 30 = 43*h - 42*h - 4*a. Suppose r - 35 = 2*k - 7*k, k + 4*r = 7. Let w = 14 + k. What is the remainder when w is divided by h?
3
Let j(q) be the first derivative of q**4/4 - 14*q**3/3 + 23*q**2/2 + 30*q + 91. What is the remainder when 573 is divided by j(12)?
15
Let f be 11998/35 - (6 + 52/(-10)). Suppose 494*j + f = 512*j. Let u = -95 + 189. Calculate the remainder when u is divided by j.
18
Suppose -1197 = 4*y - 3*f, -y + 5*f = -4*y - 876. Let q be y/(-9) + 4 + -2. Calculate the remainder when 1*14/q - 18/(-5) is divided by 3.
1
Let y be (5 - 12/(-6)) + -7. Calculate the remainder when 362 is divided by 57 - (-8 + 4 - y/9).
57
Let d = -103038 + 103234. Let o(n) = -n**3 - 6*n**2 - 7*n - 9. Calculate the remainder when d is divided by o(-6).
31
Let v(b) = 2*b - 8 + 20*b**2 - 2*b + b + 48*b**2. What is the remainder when v(-2) is divided by 22?
20
Let b(u) = -59*u**3 - 91*u - 90. Calculate the remainder when 7499 is divided by b(-1).
59
Suppose -2*x - 82 = -o, 4*o + 4*x + 0*x - 376 = 0. Let b be (288/o)/((-4)/(-10)). What is the remainder when ((-1)/(-2) + (-956)/b)/(-1) is divided by 20?
19
Let s = 18 - -3. Calculate the remainder when 64 - 41/(902/572) is divided by s.
17
Suppose 2411 = -5*c + 18*c + 994. What is the remainder when c is divided by 19?
14
Let r(d) = -4 - 1 - 2 - 5 + d. Let l be r(14). Suppose l*x = -x + 6. Calculate the remainder when 4 is divided by x.
0
Let y be 6/8 + 351/12. Let b = y + -18. What is the remainder when (-92)/(-138)*1*(-9)/6*-17 is divided by b?
5
Suppose 2*f + 3*b + 361 - 1606 = 0, 0 = 3*b + 15. Suppose 24*v - f = 15*v. What is the remainder when 267 is divided by v?
57
Suppose -5*z + 2*q = 3716, -8*z + 3*q + 750 = -9*z. Let h = 758 + z. What is the remainder when 389 is divided by h?
11
Suppose 31*t = 6200 - 4030. What is the remainder when 1597 is divided by t?
57
Let r(u) = -u**2 - 54*u - 368. Calculate the remainder when r(-45) is divided by 2/(-8) - 202/(-8).
12
Suppose -2*f + 30 = 8*f. Let g be 6/(((-12)/384)/((-1)/f)). Suppose 6*c + g = 8*c. Calculate the remainder when c is divided by 9.
5
Let a(p) = -6*p + 31. Let o(k) = 7*k - 32. Let d(l) = 5*a(l) + 4*o(l). Let r be d(12). Suppose -r*s + 6*s = 78. What is the remainder when s is divided by 9?
8
Suppose i - 39*u - 126 = -36*u, 2*u = -5*i + 613. Calculate the remainder when i is divided by 58.
7
Suppose 3*m + 308 = 3*b + 8*m, -m = -4. Suppose 6*p - b = 768. Calculate the remainder when p is divided by 49.
46
Let g = -605 + 570. What is the remainder when 217 is divided by (-401)/(-7) - -10*1/g?
46
Let j be (86/(-4))/(2/(-4)). Suppose -58*c + 4*i - j = -63*c, 0 = -5*c + 5*i + 70. Calculate the remainder when 73 is divided by c.
7
Let f(s) = s + 2. Let p be f(0). Suppose 4*i + g = -55, 2*g = -p*i + 5*g - 31. Let o(h) = h + 29. What is the remainder when o(i) is divided by 10?
5
Let c = 32 + 4. Let o = c + -23. Let k(y) = -20*y - 135. Calculate the remainder when k(-8) is divided by o.
12
Suppose -3*m = -3*u - 162, -9*u + 10*u - 3 = 0. Calculate the remainder when m is divided by 14*((-14)/(-4) + -2).
15
Let p(b) = -2*b**2 + 376*b + 2417. What is the remainder when p(194) is divided by 1/(-2)*2*-24?
17
Sup